?
6a52
What is -2551 (base 13) in base 10?
-5305
What is 31242 (base 7) in base 2?
1110111111010
What is -71167 (base 8) in base 10?
-29303
What is 5226 (base 7) in base 9?
2456
-11001001001011 (base 2) to base 15
-3c35
Convert 16409 (base 11) to base 16.
5a50
-a12 (base 11) to base 2
-10011000111
-26 (base 11) to base 6
-44
What is 225 (base 13) in base 3?
111200
-6303 (base 10) to base 2
-1100010011111
-2213 (base 5) to base 12
-218
-14104 (base 11) to base 12
-b762
-220 (base 15) to base 14
-264
What is 501 (base 6) in base 15?
c1
What is 7ad8 (base 15) in base 11?
18658
What is -141142 (base 5) in base 15?
-1ab7
Convert 3841 (base 13) to base 6.
101004
Convert 54154 (base 7) to base 15.
3eca
What is 1e3 (base 15) in base 10?
438
What is -11101110 (base 2) in base 10?
-238
Convert -835 (base 14) to base 15.
-72a
1032 (base 14) to base 2
101011100100
-3612 (base 7) to base 13
-7b6
8cb (base 16) to base 10
2251
Convert -1aac (base 14) to base 7.
-20105
What is b282 (base 13) in base 16?
6023
Convert -10951 (base 11) to base 13.
-7254
What is 5bc (base 16) in base 12?
a24
-21355 (base 8) to base 4
-2023231
-27333 (base 8) to base 2
-10111011011011
What is 83a9 (base 15) in base 11?
19a04
What is -321023 (base 4) in base 6?
-24535
Convert -33313 (base 5) to base 7.
-6542
What is -1101000 (base 2) in base 8?
-150
-673 (base 8) to base 9
-542
Convert 343 (base 6) to base 5.
1020
Convert -28281 (base 9) to base 15.
-5a44
What is 2240230 (base 5) in base 16?
9c81
What is 22202 (base 7) in base 8?
12724
What is 8e (base 15) in base 7?
251
36 (base 15) to base 4
303
Convert -67a (base 13) to base 7.
-3152
What is -9094 (base 13) in base 12?
-b61a
Convert -393 (base 10) to base 4.
-12021
What is -1201210 (base 3) in base 6?
-5503
Convert -100232 (base 6) to base 7.
-31640
What is 265 (base 13) in base 10?
421
Convert 742 (base 10) to base 11.
615
What is -81a1 (base 16) in base 5?
-2030220
What is 1aa9 (base 16) in base 5?
204300
What is 3574 (base 12) in base 8?
13550
211212 (base 5) to base 10
7057
Convert 133031 (base 4) to base 9.
2658
-1088 (base 9) to base 5
-11214
Convert 2420 (base 5) to base 9.
440
What is 1032110 (base 4) in base 5?
130022
What is 100010 (base 2) in base 13?
28
What is 36352 (base 11) in base 7?
305364
Convert -3240 (base 6) to base 9.
-1016
What is -2200033 (base 4) in base 3?
-112001211
-1705 (base 14) to base 12
-2475
Convert 332 (base 5) to base 16.
5c
What is -1010310 (base 5) in base 15?
-4c8a
Convert -2010303 (base 4) to base 10.
-8499
24050 (base 8) to base 3
112002202
What is 40a7 (base 11) in base 4?
1111001
What is 584 (base 9) in base 15?
221
12112 (base 5) to base 7
2434
Convert -10000101 (base 2) to base 16.
-85
What is -1d9 (base 14) in base 2?
-110000011
What is 2122111021 (base 3) in base 12?
261b1
Convert -3b0 (base 13) to base 2.
-1010001010
What is -19c (base 16) in base 9?
-507
3014 (base 7) to base 10
1040
Convert 175431 (base 8) to base 12.
31249
What is -1251443 (base 6) in base 12?
-33b83
-1a76 (base 12) to base 9
-4420
112010222 (base 3) to base 11
7826
1095 (base 10) to base 15
4d0
Convert 380 (base 11) to base 3.
121201
-1021253 (base 6) to base 5
-3041234
What is 812 (base 10) in base 9?
1102
111042 (base 6) to base 14
3574
Convert -30210 (base 7) to base 5.
-213213
Convert -100200102 (base 3) to base 12.
-4102
Convert 744 (base 11) to base 15.
3ea
Convert -102131 (base 4) to base 10.
-1181
What is 1d0 (base 16) in base 14?
252
-1081 (base 9) to base 16
-322
Convert -3c37 (base 15) to base 4.
-3021031
-1403 (base 8) to base 10
-771
-1102111 (base 3) to base 4
-100033
5581 (base 14) to base 13
6986
2001020 (base 3) to base 2
10111010011
36596 (base 10) to base 16
8ef4
1205 (base 8) to base 7
1611
Convert -2f4 (base 16) to base 6.
-3300
Convert 230344 (base 5) to base 2.
10000000100000
Convert 3412 (base 5) to base 11.
3a9
-2876 (base 10) to base 16
-b3c
5888 (base 10) to base 6
43132
Convert -20200010 (base 3) to base 4.
-1023333
What is -1030 (base 7) in base 10?
-364
Convert 130 (base 4) to base 16.
1c
What is -10341 (base 5) in base 14?
-397
Convert -10011100111 (base 2) to base 8.
-2347
Convert 664 (base 13) to base 6.
5024
3ab (base 14) to base 12
517
-10011101001 (base 2) to base 7
-3444
-15285 (base 9) to base 14
-3b41
-11202 (base 4) to base 5
-2404
Convert 211 (base 4) to base 10.
37
-2971 (base 13) to base 8
-13567
-987 (base 13) to base 16
-660
Convert -a81a (base 11) to base 7.
-56455
10011010010 (base 2) to base 10
1234
What is -a1a3 (base 13) in base 5?
-1203042
What is 3eb3 (base 16) in base 5?
1003201
-3212 (base 6) to base 8
-1330
-103133 (base 4) to base 7
-3431
Convert -12231 (base 4) to base 10.
-429
What is -1476b (base 14) in base 13?
-1a1c3
25c6 (base 16) to base 3
111021011
11fb (base 16) to base 6
33151
Convert 819 (base 14) to base 8.
3067
-100421 (base 6) to base 12
-4711
68 (base 13) to base 3
10012
What is c72 (base 16) in base 12?
1a16
20411 (base 6) to base 16
ab7
What is -205 (base 9) in base 14?
-bd
What is -442d (base 14) in base 16?
-2e19
-4947 (base 11) to base 4
-1211000
Convert -413 (base 6) to base 12.
-109
Convert 213231 (base 6) to base 4.
10102303
-111735 (base 9) to base 5
-4120223
Convert 5996 (base 11) to base 3.
101202201
Convert -81b (base 12) to base 5.
-14200
What is 2487 (base 11) in base 7?
12310
-10011101010110 (base 2) to base 7
-41234
Convert -193 (base 16) to base 9.
-487
-1219 (base 10) to base 5
-14334
Convert -261b (base 13) to base 7.
-21560
What is -18361 (base 11) in base 14?
-9531
What is 1982 (base 10) in base 12?
1192
Convert -3d2 (base 15) to base 16.
-368
276 (base 11) to base 10
325
Convert -66164 (base 9) to base 6.
-535051
Convert -141656 (base 8) to base 3.
-2112201100
-8376 (base 12) to base 10
-14346
Convert 693 (base 15) to base 8.
2720
38233 (base 10) to base 8
112531
-2161 (base 9) to base 6
-11214
What is -10101001010 (base 2) in base 7?
-3643
223 (base 7) to base 2
1110011
-111101100100101 (base 2) to base 9
-47217
What is -22 (base 11) in base 4?
-120
Convert 613 (base 12) to base 16.
36f
Convert 5282 (base 9) to base 2.
111100101001
Convert 9bd (base 14) to base 6.
12535
Convert cbb (base 14) to base 5.
40032
What is -2321 (base 7) in base 5?
-11343
What is -233322 (base 4) in base 11?
-2338
Convert 1100111001001 (base 2) to base 8.
14711
-1000001 (base 2) to base 3
-2102
Convert 12131 (base 4) to base 14.
217
Convert -5642 (base 7) to base 14.
-a59
Convert -4233 (base 9) to base 7.
-12030
What is 461c (base 14) in base 13?
570a
-1030220 (base 4) to base 12
-2a08
1402400 (base 5) to base 7
146006
Convert 671 (base 14) to base 5.
20100
What is -135a (base 11) in base 15?
-7c4
1010011 (base 2) to base 10
83
Convert -12473 (base 8) to base 10.
-5435
What is -6791 (base 10) in base 5?
-204131
347 (base 10) to base 11
296
-6500 (base 7) to base 14
-ba7
520 (base 13) to base 4
31213
Convert 130000 (base 4) to base 14.
920
Convert 30c2 (base 16) to base 10.
12482
Convert 45155 (base 6) to base 13.
2b64
Convert 331 (base 4) to base 2.
111101
Convert 526 (base 13) to base 8.
1555
What is -659 (base 11) in base 6?
-3354
What is 1011001010100 (base 2) in base 11?
4327
77 (base 11) to base 7
150
1152 (base 12) to base 11
14a9
-10210022 (base 4) to base 14
-6b58
What is -4ab (base 12) in base 8?
-1303
What is 3052 (base 7) in base 16?
42a
What is -6a9 (base 13) in base 2?
-10010000001
Convert a8b (base 15) to base 4.
211031
What is 1a849 (base 14) in base 8?
203641
-a6a4 (base 14) to base 15
-87c5
What is 5340 (base 6) in base 5?
14322
2104334 (base 5) to base 14
ca5b
Convert 1351 (base 8) to base 5.
10440
Convert -438 (base 12) to base 10.
-620
What is 3a0 (base 12) in base 4?
20220
Convert a2c (base 14) to base 15.
8d5
-332310 (base 4) to base 16
-fb4
-10100 (base 2) to base 12
-18
Convert 564 (base 8) to base 14.
1c8
5058 (base 9) to base 16
e72
Convert 38b (base 15) to base 11.
673
What is 2e0 (base 15) in base 8?
1224
-244442 (base 5) to base 16
-249c
Convert c148 (base 14) to base 7.
165521
Convert -10010100100 (base 2) to base 8.
-2244
14244 (base 5) to base 16
4af
-2562 (base 8) to base 2
-10101110010
Convert -14476 (base 13) to base 10.
-38122
Convert 21320 (base 4) to base 10.
632
-13283 (base 9) to base 10
-8985
9b96